12 divide g?
False
Let k be (-4)/(-10) + (-4)/10. Suppose 3*w = 5*b - 22, -2*b + k*b - 4*w - 12 = 0. Suppose -3*a - o + 80 = 0, 0*o + b*o = 2*a - 56. Is 10 a factor of a?
False
Let i = 7 + -3. Suppose 0 = 5*u + i*d - 177, -4*u - 2*d + 166 - 22 = 0. Is u a multiple of 14?
False
Let d be (-6 - -5)/((-2)/(-18)). Let a = -1 + d. Let k = a - -24. Does 10 divide k?
False
Let v = 31 + -16. Suppose -l + 70 + v = 0. Is 19 a factor of l?
False
Suppose 0 = j, 3*j + 2*j = -3*a + 48. Is 7 a factor of a?
False
Suppose 2*c + 3*c + 2*t = 23, t - 4 = 0. Suppose -c*z - 8 = -5*z. Does 12 divide z/3*66/4?
False
Suppose -621 - 3774 = -15*u. Does 23 divide u?
False
Let o(t) = 51*t + 5. Let b be o(4). Suppose 5*k - 96 = b. Does 21 divide k?
False
Suppose 3*h - 3 = 21. Let l(c) = -c**2 - 4*c + 5. Let o be l(-5). Does 18 divide (6/h + o)*48?
True
Let p be (-2 - 3/(-1)) + -1. Suppose p = -4*u + 212. Is 15 a factor of u?
False
Let t(v) = -4*v**2. Let f be t(1). Does 3 divide 2/(f*(-3)/18)?
True
Suppose 9*d = 4*h + 4*d + 8, -d - 2 = -2*h. Suppose 3*n = -h*k + 99, 4*k - k - 87 = 3*n. Is k a multiple of 30?
False
Suppose 0*b + 3*b = 6. Does 3 divide (b - 2)/(-2) - -3?
True
Let i = 18 - 11. Let k = i - -17. Suppose -3*l = 3*o - k, l + o = -4*l + 36. Is 7 a factor of l?
True
Suppose -g + 3*g + 12 = 0. Let f = g - -10. Suppose -f*n + 28 + 4 = 0. Is 3 a factor of n?
False
Suppose 5*t = t, 2*t = 4*y + 8. Let l be (-9)/y*8/6. Suppose -d = -l - 8. Is 14 a factor of d?
True
Suppose -k - 24 = -5*t, -3*k - 4*t - 2 = -6. Let l be 8/6*6/k. Is -2 + 4 + (3 - l) a multiple of 7?
True
Let z = -11 + 21. Is 10 a factor of 2/10 - (-98)/z?
True
Let l(j) = -7*j**2 + 1. Let w be l(1). Let z(k) = -k**2 - 8*k - 7. Let h be z(w). Suppose 2*b - 4*b + 39 = -3*r, h*b - r - 117 = 0. Does 12 divide b?
True
Let r = -24 + 65. Let g = r + -28. Is 8 a factor of g?
False
Suppose 5*k + 6*v - 154 = 2*v, k = 2*v + 28. Does 30 divide k?
True
Let q(s) be the first derivative of s**4/4 - 7*s**3/3 + 5*s**2/2 + 3*s + 3. Let c(y) = -y - 1. Let j(z) = -4*c(z) - q(z). Does 17 divide j(4)?
False
Let y(z) = 58*z**2 + 2*z + 1. Is 19 a factor of y(-1)?
True
Let r = 32 + -27. Suppose -r + 10 = b. Is 3 a factor of b?
False
Suppose 5*i - 4*i - 299 = -5*h, -5*i = 4*h - 235. Is h a multiple of 15?
True
Let a(x) = x**2 - 11*x - 9. Suppose -4*t - 28 = -j, -t + 0*j - 2*j = -2. Does 24 divide a(t)?
False
Suppose 3*d = -w - 2, 0*d - 3*d + w = -8. Does 10 divide (-19)/(-2)*2 + d?
True
Let n(h) = -h - 11. Let c be n(-14). Suppose 0 = c*w + 2*w - 480. Does 24 divide w?
True
Suppose -8*u + 2913 = 33. Is u a multiple of 24?
True
Suppose 3*o + 3*t - t = -29, -3*o - 23 = -4*t. Is (34/(-6))/(3/o) a multiple of 9?
False
Let p be 38/((-1)/6*-3). Suppose 108 = 4*z + 3*x, -2*z + 5*x - x + p = 0. Is z a multiple of 11?
False
Let c = 8 - -2. Let z = 28 - c. Is 6 a factor of z?
True
Let x be (-16)/4*(-1 + 0). Let y be 188/2 - 4/x. Suppose -j = 4*c - y, 0*c - 36 = -2*c - 4*j. Is c a multiple of 8?
True
Let i(a) = a**2 - 2*a + 10. Does 34 divide i(6)?
True
Let r(i) = -i**3 + 4*i**2 - 2*i - 3. Let t be r(3). Suppose 4*q = -4, t*n - 131 = -3*n + 5*q. Does 21 divide n?
True
Suppose 16 = r + r. Does 8 divide r?
True
Let x(g) be the second derivative of g**3/6 + 3*g**2 - 2*g. Let v(l) = 3*l + 18. Let h be v(-4). Is x(h) a multiple of 6?
True
Suppose 0 = 5*f - 496 - 54. Is 22 a factor of f?
True
Suppose 2*d + 8 = -2*d, 5*c + 4*d = 27. Suppose 0 = -k + 4, -3*n - 2 = -c*k + 5*k. Suppose h - 6 = r + 3, 6 = -h - n*r. Is h a multiple of 4?
True
Let i(u) = -18*u + 32. Is 44 a factor of i(-6)?
False
Suppose -2*z = -z. Suppose z = -m - 11 - 0. Let d = m - -27. Is d a multiple of 8?
True
Let n(g) = g**2 + 6*g - 3. Is 13 a factor of n(5)?
True
Let l = -2 + 51. Is l a multiple of 21?
False
Suppose 0 = 2*q - 3*j - 5, -10 = -4*q - 5*j + 11. Suppose q*a - 95 - 49 = 0. Is 12 a factor of a?
True
Let u(d) = d**3 - 4*d**2 + 6. Is u(4) a multiple of 2?
True
Let z(r) = 8*r - 3. Suppose 0 = -5*t + 2*h - 3, -3*t = t - 2*h + 2. Let w = t + 3. Is z(w) a multiple of 13?
True
Let g(d) = -d**2 - 3*d - 4. Let t(f) = -f**2 - 4*f - 5. Let y(j) = -5*g(j) + 4*t(j). Let i(x) = -x**3 + 9*x**2 - 9*x + 5. Let l be i(8). Is 6 a factor of y(l)?
True
Suppose 2*p - 3*k = -0 - 6, 0 = -3*p - 5*k - 9. Does 34 divide 0 + 104 + p + 1?
True
Let i = 38 + -8. Suppose 6 = -4*h + i. Suppose h = -4*f + 66. Is f a multiple of 6?
False
Let b(k) = k**2 + k + 5. Suppose 0 = -2*p - m + 1, -p + 5*p - 17 = 3*m. Let n be -1 - p/4*-2. Does 3 divide b(n)?
False
Suppose -q = 4*l - 1077, 3*q - 271 = -l + q. Does 19 divide l?
False
Let l(a) = -2*a**2 + 0*a - 2*a - 5*a. Let g(v) = v**3 - 2*v**2 - 8*v. Let k(i) = -6*g(i) + 7*l(i). Is 3 a factor of k(-1)?
False
Is 11 a factor of 3 + 1 - (-195)/3?
False
Suppose -401 + 51 = -5*o. Suppose -70 = -3*f - 2*a, 4*f - 2*a = -0*f + o. Is 10 a factor of f?
True
Let o(k) = 6*k**2 + 2*k - 1. Let g be o(-2). Suppose 5*x - 161 = g. Is 18 a factor of x?
True
Suppose -d = -3*l - 64, -5*l + 3*l - 296 = -4*d. Let i be (172/(-20) + 2)*5. Let r = d + i. Is r a multiple of 15?
False
Let h(u) = -u**2 + 7*u + 6. Let k be h(6). Let v = 6 + k. Let a = v - 10. Is 8 a factor of a?
True
Suppose -z + 3*y + 47 = 0, 196 = -0*z + 5*z - 2*y. Is 8 a factor of z?
False
Let f(q) = -3*q + 2. Let a be f(-3). Let z = 3 + a. Is z a multiple of 14?
True
Suppose 0 = -i - 8 + 29. Does 21 divide i?
True
Let p = -2 + 0. Let f(s) = s + 1. Let w be f(p). Does 18 divide (19/2)/(w/(-2))?
False
Let o = 2 + 0. Suppose 2 + o = i. Suppose 2*u - 68 = i*w, 0 = -u + 4*w + 31 + 11. Is u a multiple of 13?
True
Suppose 5*x + 0 = 2*u - 65, -108 = -3*u + 4*x. Is 8 a factor of u?
True
Let p = -15 - -26. Let t be (-4 - -3)*(p + 2). Let s = t + 24. Is s a multiple of 7?
False
Let t = 40 - -48. Is t a multiple of 11?
True
Suppose 0*p = -5*o - 2*p, 5*p + 35 = 5*o. Suppose -4*j + 4*y + 69 = 25, o*y = -2*j + 18. Is j a multiple of 5?
True
Let y be (18/(-4))/(2/(-4)). Let i be (-1)/(-2)*2*2. Suppose -5*f + i*z + y = -0, 0 = f - 2*z + 3. Is f a multiple of 3?
True
Let a = 91 + -15. Does 11 divide a?
False
Is 52 + -1 + 5*1/5 a multiple of 4?
True
Suppose -3*h = -4*h + 2. Suppose 12 = 3*k - h*j, -1 = k + 2*j - 5. Suppose -x - 4 + 17 = n, -n - 4*x = -k. Is 6 a factor of n?
False
Suppose 56 = 3*t - 103. Is 25 a factor of t?
False
Let f(l) = 5*l**2 + 1. Let r(w) = -4*w + 2. Let n(p) = p. Let h(s) = 3*n(s) + r(s). Let z be h(3). Is f(z) a multiple of 5?
False
Let l(i) = -i**2 + 3*i - 3. Let k be l(2). Let a be 2*k - (-6 - -2). Suppose 230 = 7*q - 2*q - 5*z, q - 48 = a*z. Is 21 a factor of q?
False
Suppose 5*p - 3*l = 9 + 4, -4*l + 16 = 0. Let w = 0 - p. Let q(a) = a**2 - 5. Is 10 a factor of q(w)?
True
Suppose -1 = z - 0. Is 18 - 0 - (z + -2) a multiple of 8?
False
Let n(w) = w**2 - 6*w + 4. Let i be n(6). Let q(z) = i - 2 - 2*z**2 + 3*z**3 - z + 3*z. Is 11 a factor of q(2)?
True
Let q(i) = 6*i + 4. Let n be 16/(-10)*-5*1. Does 27 divide q(n)?
False
Let o = 269 + -186. Let d = o - 35. Is 16 a factor of d?
True
Let h(t) = 2*t**2 + 4*t - 8. Suppose 2*q + 3*q = -30. Is h(q) a multiple of 13?
False
Let a be 8 - (-2)/6*0. Does 9 divide 213/12 - (-2)/a?
True
Does 4 divide (-90)/4*(-28)/21?
False
Let l = 63 - 17. Is l a multiple of 28?
False
Suppose 5*w = -1 + 6. Suppose -a = -4 - w. Does 2 divide a?
False
Suppose -46 = -3*g + 2. Is 2 a factor of g?
True
Suppose 0 = 5*i - 5*l - 180, -3*i + l = -0*i - 110. Let x be ((-1)/1)/((-1)/2). Let s = i - x. Is s a multiple of 12?
False
Let f = -7 - -10. Suppose f*r = 5*r - 64. Is r a multiple of 16?
True
Let h(t) = 4*t - 4. Let z(m) = m. Let j(y) = h(y) - 5*z(y). Let n be j(-6). Suppose -4*k - 5*f + 126 = 14, 0 = 2*k - n*f - 74. Is k a multiple of 17?
False
Let i(w) = 4*w**3 - w**2 + w - 1. Let b be i(1). Suppose 0*h - b*h = -3*k - 105, -3*k = 4*h - 175. Is 14 a factor of h?
False
Suppose 3*q = 5*u + 245, 2*q - 162 = 2*u - 0*u. Does 14 divide q?
False
Suppose -3*l - 4 - 5 = 2*y, 5*l = -y - 15. Is 19 a factor of (-19)/(-1 - (y - 0))?
True
Let y = -35 + 169. Is y a multiple of 24?
False
Suppose 3*f + 0*s = s - 10, 2*s + 4 = -2*f. Let t = f + 8. Suppose -t*c + 2 = -93. Does 19 divide c?
True
Let c(a) = 2*a**2 + 2*a**2 - 3*a + 5*a**3 - 6*a**3 + 10*a + 7. Let f be c(6). Let q = 34 + f. Is 11 a factor of q?
True
